What is the remainder when q is divided by 19?
16
Let z = -2259 + 2366. Calculate the remainder when z is divided by 26.
3
Let d = 239 - 83. What is the remainder when 23 is divided by (4/(-16))/((-3)/d)?
10
Suppose -24 = -4*r - 5*f + 3*f, 44 = 5*r - f. Let y(d) = -d**3 + 8*d**2 - 3*d + 35. What is the remainder when 51 is divided by y(r)?
7
Suppose -7*j + 12 + 23 = 0. Suppose 4*l - 2*l = 4. Suppose l*b - 3 = 25. Calculate the remainder when b is divided by j.
4
Let j(y) = -3*y - 4. What is the remainder when 196 is divided by j(-18)?
46
Let l be (-159)/15 - 2/5. Let x = 45 + l. Suppose 207 = -7245*p + 7268*p. Calculate the remainder when x is divided by p.
7
Let a be (-2)/9 - (-10590)/27. Suppose -4*d + 4*m = -23 - 305, 0 = 5*d + 4*m - a. Calculate the remainder when (-1)/(3 + d/(-26)) is divided by 8.
5
What is the remainder when 71 is divided by 765/51 + 10/1?
21
Let t be 4*-2*(-9 - -7). Calculate the remainder when 25 is divided by 8*((-44)/t - -4).
5
Let r be 4/26 + 46240/260. Suppose -4*f = -j + 94, j - 3*j - 2*f + r = 0. What is the remainder when j is divided by 46?
44
Let t be 86 - (3 + 0 + -4 + 1). Let f = t - 53. Let i(c) = 6*c**2 - 3*c + 1. What is the remainder when i(-3) is divided by f?
31
Suppose 3*v + 4*z = 17, -v - 3 = 3*z - 7. Suppose 3*i = v*i, -3*y + 24 = 4*i. Calculate the remainder when 20 is divided by y.
4
Let i = 75 - 48. What is the remainder when 103 is divided by i?
22
Let q(j) = 61*j - 352. Calculate the remainder when 274 is divided by q(6).
8
Let n = -26 + 0. Let b = -24 - n. What is the remainder when 6 is divided by b?
0
Let x(h) = h**3 - 6*h**2 - 3*h - 4. What is the remainder when (-3162)/119*(-7)/2 is divided by x(7)?
21
Let u = -7 + 15. What is the remainder when 20 is divided by 3 - -7 - u/4?
4
Suppose 2*m + 1 + 3 = 0. Let p = m - -23. Calculate the remainder when 61 is divided by p.
19
Suppose 5*t = -18*u + 23*u + 50, -5*u = 15. Calculate the remainder when t is divided by 6.
1
Let p = -19 - -123. Let u = p - 93. Calculate the remainder when 43 is divided by u.
10
Calculate the remainder when (4 - 44/12) + (-976)/(-6) is divided by 17.
10
Let i = -4 - -1. Let h be (-4)/12 + (-1)/i. Let z(b) = -2*b + 9. What is the remainder when 33 is divided by z(h)?
6
Let q = -12 + 17. Suppose -2 = -d + 4*g, -d + q = 2*g + 3. What is the remainder when 42 is divided by ((-1)/d)/((-7)/154)?
9
Suppose 48 - 16 = 4*d. Let m = 10 - d. Suppose -3*v + 6*q = q - 29, -5*v + m*q = -61. What is the remainder when 24 is divided by v?
11
Let a(f) = -14*f - 11. Let g be a(-6). Suppose -2*w - 57 + g = 0. Calculate the remainder when 15 is divided by w.
7
Let r(x) = 9*x - 230. What is the remainder when 373 is divided by r(40)?
113
Let v(l) = l**3 + 13*l**2 + 28*l + 94. What is the remainder when v(-8) is divided by 64?
62
Suppose 802 = 81*m + 73. Calculate the remainder when 135 is divided by m.
0
Let j = -20 + 13. Let g be -51 - -66 - (-8 + 4/2). Calculate the remainder when 87 is divided by (j/g)/((-1)/30).
7
Let j = -85 - -93. What is the remainder when 12 is divided by j?
4
Calculate the remainder when 1098 is divided by ((-5)/(35/14) + 22)/2.
8
Let h(s) = 2*s + 19. Let k be h(-8). Suppose k*x + 12 = -x, 0 = 2*o - 3*x - 51. Suppose 6*u = -u + 728. Calculate the remainder when u is divided by o.
20
Let i = 46 + -18. Suppose 11*b + 5*b - 3104 = 0. Calculate the remainder when b is divided by i.
26
Let t be ((-184)/20)/((-8)/(-20)). Let c = t - -62. Calculate the remainder when c is divided by 15 - (1 - (0 + 0)).
11
Let l = 16 - 6. Let g = 75 - 49. What is the remainder when g is divided by l?
6
Suppose 5*d = 3*s - 40, s = -s + 3*d + 26. Let z(p) = 4*p**2 - 5*p - 1. Calculate the remainder when z(4) is divided by s.
3
What is the remainder when 161 is divided by ((-9)/15)/(13/(-2015))?
68
Suppose 3*d + 2*b + 3 = 6, 4*d - 5*b - 27 = 0. Suppose 6*o - 4*o = 22. Calculate the remainder when o is divided by -2 + (-2 - -13 - d).
5
Let p(y) = 80*y - 144. Calculate the remainder when 330 is divided by p(2).
10
Let l = -213 + 236. What is the remainder when 67 is divided by l?
21
Let g = -77 - -79. What is the remainder when 4 is divided by (-20)/(-10)*(3 - g)?
0
Let k(t) = -10*t - 1. Let l(i) = 11*i + 1. Let r(v) = -4*k(v) - 3*l(v). Calculate the remainder when r(2) is divided by (6/10)/(1/(6 - -4)).
3
Let x(r) = -647*r - 4525. Suppose -2*k = -k - 5. Suppose 2*q + k*u = 30, -u = -3*q - 0*u + 28. Calculate the remainder when q is divided by x(-7).
2
Suppose 11*j - 1946 = 4753. What is the remainder when j is divided by 13?
11
Suppose 15 = 9*j - 309. What is the remainder when 394 is divided by j?
34
Suppose -31*s = -8*s - 1587. What is the remainder when s is divided by 36?
33
Suppose -13 = -3*z + 11. What is the remainder when 39 is divided by z?
7
Let w be (-24)/144 + (-2293)/(-6). Let x = -271 + w. Calculate the remainder when x is divided by 19.
16
Suppose -66 = -4*t - 2*a, -3 = -2*t + 3*a + 34. Let r = 11265 + -11256. What is the remainder when t is divided by r?
8
Let d = -10 - -12. Suppose -29 - 2 = -v - 5*l, -4*v = d*l - 142. Let b = v + -20. What is the remainder when b is divided by 6?
4
Let x = 491 + -397. Calculate the remainder when x is divided by 51.
43
What is the remainder when 10 is divided by 14/(-8) - -3 - (-1)/(-4)?
0
Suppose -2*s - u = -0*s - 430, -3*s + 5*u + 632 = 0. Let r = s + -86. Let d = 251 - r. What is the remainder when d is divided by 31?
30
Let z = 2126 - 2096. Suppose -b = -16 - 6. Suppose 0 = 4*k + x - 27, 5*k + b = x + 67. What is the remainder when z is divided by k?
6
Let s be (0 + (3 - 3))/2. Suppose 16 = -s*d + 2*d. Suppose 0 = d*c - 7*c - 15. What is the remainder when 28 is divided by c?
13
Let s(j) = 93*j**3 + j**2 - 3*j + 2. What is the remainder when s(1) is divided by 26?
15
Suppose -m = 5*a - 38, 5*m - a = 4*a + 280. Suppose -2*c = -i + c + m, -c = -i + 43. What is the remainder when 71 is divided by i?
33
Suppose 0 = -2*r - 2*r + 136. Suppose -2*y + n = y - 32, 0 = 3*y + 4*n - 7. Calculate the remainder when r is divided by y/((-3)/(6/(-2))).
7
Suppose 3*q = -2*m + 40, -6*m + 3*m + 60 = 2*q. Let c be (-2)/4*4*-1. Calculate the remainder when (156/(-9) - c)*-3 is divided by m.
18
Suppose 2*i - 123 = i. Let x = -8 - -10. Suppose 2*o + 2*w - 55 = 3*w, -x*o + 2*w + 60 = 0. What is the remainder when i is divided by o?
23
Suppose y - 4 = -0*y. Suppose 0 = y*x + 4*u + 8, 2*x + 0*u - 3*u = -24. What is the remainder when 47 is divided by 18 + 1 + x/3?
13
Suppose 4*i - 68 = -2*x - 18, 4*x - 22 = -2*i. Suppose -4*o + 52 = 4*g, 5*g = o + i + 46. Calculate the remainder when 35 is divided by g.
11
Let j = -648 + 673. Calculate the remainder when 48 is divided by j.
23
Suppose 12*x = 25*x - 702. Calculate the remainder when x is divided by 14.
12
Let u(x) = -50*x + 2. Let a be u(-1). Suppose 7*q = -a + 584. What is the remainder when q is divided by 13?
11
Let b(v) = -2*v**3 + 37*v + 4. What is the remainder when 965 is divided by b(-5)?
68
Suppose -261 - 11 = -4*p. Let f(a) = -2*a + 2. Let s be f(5). What is the remainder when p is divided by 6/s - 95/(-4)?
22
Suppose 36 = -4*f + 392. Let o be (7 + 2 + -11)*-2. Suppose o*p = -f + 213. What is the remainder when p is divided by 11?
9
Suppose 27*f - 115 = 128. What is the remainder when 85 is divided by f?
4
Suppose 3*j - 4*h + 15 = 53, 0 = -j - 4*h + 18. Calculate the remainder when (-1)/(((-8)/134)/4) is divided by j.
11
Let a = 23 + -9. Let f = a - 3. What is the remainder when (6/18)/(1/63) is divided by f?
10
Suppose 5 = m + 1. What is the remainder when 14 is divided by m?
2
Let x(k) = 3*k**2 - k + 1. What is the remainder when x(-2) is divided by (24/3 - 1) + 2?
6
Let w(z) = 23*z**2 - z. Suppose -3*r - 2 = u, 8*u + 25 = 3*u. Calculate the remainder when w(r) is divided by 1 + -1 - -6 - (-876)/146.
10
Let h(v) = v**3 - 9*v**2 + 13*v - 29. Calculate the remainder when h(9) is divided by 16.
8
Let n = 1185 - 705. Calculate the remainder when n is divided by 21.
18
Let l be (-8712)/(-90) - (-4)/(-5). Let d = l - 64. What is the remainder when d is divided by 12?
8
Let o = 76 - 47. Calculate the remainder when 73 is divided by o.
15
Suppose 27*f = 26*f + 13. Suppose 18*s - 35 = f*s. Calculate the remainder when 25 is divided by s.
4
Suppose 0 = 4*x -